 0) is divided by 6?
4
Let w(z) = 10*z - 2. Let v be w(8). Suppose -2*l + v = l. What is the remainder when l is divided by 7?
5
Let y be (-50)/6*1*3. Let z be 1/(-5) - 1905/y. Suppose z - 16 = 3*t. Calculate the remainder when t is divided by 11.
9
Suppose 0 = 5*u - 2*u - 36. Let w = 354 + -193. Suppose 4*k - 4*n + 53 = w, -k + 3*n + 35 = 0. What is the remainder when k is divided by u?
11
Let f(b) = -b. Let x be f(0). Suppose 2*g - 22 = -3*g + 3*p, x = 5*g - 5*p - 30. Calculate the remainder when 5 is divided by g.
1
Let s = -77 - -136. Calculate the remainder when s is divided by 15.
14
What is the remainder when 26*-3*15/(-9) is divided by 33?
31
Let s = 29 - 8. Calculate the remainder when s is divided by (-4)/(-6)*165/10.
10
Suppose -23*r + 27*r - 260 = 0. What is the remainder when r is divided by 33?
32
Let s(y) = -4*y - 2. What is the remainder when 17 is divided by s(-3)?
7
Let x = -9 + 11. What is the remainder when x is divided by (-7 - -6)/(3/(-6))?
0
Let s(v) = -17*v + 9 + v - 19. What is the remainder when s(-5) is divided by 18?
16
Suppose -n + 219 = 50. What is the remainder when n is divided by 17?
16
Suppose 4*z = 3*x + 6, -4*z = -15 + 3. Suppose -x*n + n = 0. Suppose n = 2*p + 2*l - 13 - 87, -3*p = l - 140. Calculate the remainder when p is divided by 23.
22
Suppose 6*r - 31 = 455. Calculate the remainder when r is divided by 7.
4
Let k(s) be the first derivative of 10*s**3/3 - s**2/2 - s - 2. Let h be k(-1). What is the remainder when 15 is divided by h - (-1)/(1/(-2))?
7
Let f = 66 + -53. What is the remainder when f is divided by 6?
1
Let b = 48 - 28. Calculate the remainder when -38*(27/6)/(-3) is divided by b.
17
What is the remainder when 21/2*((-56)/(-6))/7 is divided by 9?
5
Suppose 56 = 4*j - 36. What is the remainder when 44 is divided by j?
21
Suppose -24 = 2*i + 4*r, 3*i - 4*r = i - 32. What is the remainder when (i/(-8))/((-3)/(-12)) is divided by 3?
1
Suppose -3 = -3*f + 3. Suppose -f*h - 8 + 90 = 2*c, 0 = 3*c + 12. Calculate the remainder when h is divided by 16.
13
Suppose -v = 2*v - 30. What is the remainder when v is divided by 7?
3
Calculate the remainder when (-11)/(11/(-108)) - 1 is divided by 27.
26
Let d(n) be the first derivative of -n**4/4 + 5*n**3/3 + n**2/2 - 1. What is the remainder when (3/2)/((-1)/(-6)) is divided by d(5)?
4
Let x be 22 - -2 - (1 - 1). What is the remainder when 32 is divided by (-142)/(-8) + (-18)/x?
15
Let v(b) = -55*b - 1. Let i be v(-1). Suppose -4*h = -155 + 43. Let k = i - h. Calculate the remainder when k is divided by 9.
8
Let v be 4 + (-1)/(-2 - -3). Suppose 3*s = v*t + 174, 3*s + 0*s = -2*t + 184. Calculate the remainder when s is divided by 21.
18
Let n = -10 - -30. Let x(j) be the first derivative of -j**4/4 + 5*j**3/3 + j**2 + j - 3. Calculate the remainder when n is divided by x(5).
9
Let b(y) = y**3 - 10*y**2 + y - 7. Let t be b(8). Let c = 184 + t. What is the remainder when c is divided by 30?
27
Suppose 5*k + q = 14 + 18, 24 = 3*k - q. Suppose -o - 2*x - 4 = x, -5*x = 5*o - 10. What is the remainder when k is divided by o?
2
Calculate the remainder when 163 is divided by 10/7 + -1 + (-408)/(-28).
13
Suppose -5*x + 3*g + 138 = 2*g, 5*x = 5*g + 150. Calculate the remainder when 186 is divided by x.
24
Let k(d) = 4*d**2 - 2*d + 4. Calculate the remainder when k(-4) is divided by 13.
11
Suppose -6 + 160 = 7*s. What is the remainder when s is divided by 13?
9
Suppose d - 30 = 6*d. What is the remainder when 19 is divided by ((-4)/d)/(2/30)?
9
Let a = -1 - -5. Suppose a*z = 2*z + 50. Calculate the remainder when z is divided by 9.
7
Let o be (-1)/(-5) + (-114)/(-30). Suppose o*y = -2*r + 28, r + r = 4*y - 44. Calculate the remainder when 0 + 1/(1/26) is divided by y.
8
Suppose -3*q = -5*m - 7, 3*q - 2*m - 5 = 5. Suppose -36 = -2*d - 0*d + q*i, -i = 4*d - 72. Calculate the remainder when 53 is divided by d.
17
Let u(a) = 2*a**2 - a - 1. Suppose -4*w + 5 + 7 = 0. Calculate the remainder when 1/(-1) + (-4 - -32) is divided by u(w).
13
Let a be 16/3*21/4. Calculate the remainder when 27 is divided by 2/4*(0 + a).
13
Let a(z) = 4*z + 7. Let f(i) = 5*i + 8. Let g(o) = 3*a(o) - 2*f(o). Suppose -3 - 10 = -v. Calculate the remainder when g(10) is divided by v.
12
Suppose 136 = l + 3*l. Calculate the remainder when 101 is divided by l.
33
Let w(d) = d**3 + 11*d**2 + d + 3. Let h be w(-11). Let g(t) = -5*t - 11. Let z(p) = p**2 + p - 5. What is the remainder when g(h) is divided by z(-5)?
14
Suppose -4*d - 335 = -5*n, 2*n + 5*d - 120 = 14. What is the remainder when n is divided by 14?
11
Suppose 0 = 5*m - b - 149, -47 = -2*m + 3*b + 10. What is the remainder when m is divided by 8?
6
Suppose -4*k + 3*k = -3. Let x be (k - 0)*(-23)/(-1). Suppose 0 = -3*b - 0*b + x. What is the remainder when b is divided by 8?
7
Suppose -3*c = t - 52 + 3, -t + 65 = 4*c. Calculate the remainder when c is divided by 9.
7
Let b = -10 + 17. Let v(t) = 5*t**2 + 2*t - 1. Let a be v(1). Suppose 5 = -z, -2*o - 3*z = -a - 5. What is the remainder when o is divided by b?
6
Let t be (-4)/14 + (-198)/42. Let y be ((-24)/(-10))/((-2)/t). Let h = -4 + y. What is the remainder when h is divided by 2?
0
Let r(u) = u + 3. Let g be r(-3). Let j be 1 + (g - 3/(-3)). Suppose 0*m = j*m - 12. What is the remainder when 16 is divided by m?
4
Let d(w) = -w**3 - 7*w**2 - 10*w - 7. Let f be 89 + -1 - (5 + -2). Suppose 2*x = -2*x - 20, -2*n + f = 3*x. Calculate the remainder when n is divided by d(-6).
16
Suppose 8 = 4*b, 4*g = b + b + 44. Let h(c) = 10*c**2 - 4*c + 2. What is the remainder when h(2) is divided by g?
10
Let x(n) = 3*n**2 - n - 3. Let q(b) = -10*b**2 + 2*b + 9. Let g(j) = 2*q(j) + 7*x(j). Calculate the remainder when 18 is divided by g(5).
4
Let b(w) = -4*w + 10. What is the remainder when b(-9) is divided by 12?
10
Suppose -o + 14 = -4*n + 4, -19 = -o - 5*n. Calculate the remainder when o is divided by 4.
2
Let t(u) be the third derivative of 1/60*u**5 + 0 - 1/24*u**4 + 3*u**2 - 1/6*u**3 + 0*u. Calculate the remainder when t(-2) is divided by 2.
1
Suppose -2*n + 5*n + 21 = 0. Let p = -10 - n. Let r = p + 7. What is the remainder when 6 is divided by r?
2
Let g(c) = -c**3 + 8*c**2 + 10. Let i be 300/44 + (-6)/(-33). What is the remainder when g(i) is divided by 20?
19
Let x = 1 - 1. Suppose -40 = -x*z - 4*z. Calculate the remainder when (1 - -1)/(10/140) is divided by z.
8
Let n(y) = y + 8. Let c be n(0). Let t = 16 + c. What is the remainder when t is divided by 14?
10
Let d(a) = -3*a**3 + 3. Let f be d(2). Let q = 95 - 55. Let x = q - f. What is the remainder when x is divided by 21?
19
Let n be -6 + (-1 - (-2 + 1)). Calculate the remainder when 23 is divided by (-22)/(-3) - 4/n.
7
Suppose h = 5*m - 36, -40 = -4*m + 2*h - 4*h. Calculate the remainder when 27 is divided by m.
3
Calculate the remainder when -4 + 0/(-4) + 24 is divided by 7.
6
Suppose 0 = -i + 17 - 6. Calculate the remainder when 21 is divided by i.
10
Let h = 1 + 4. Calculate the remainder when (-1)/4 + 106/8 is divided by h.
3
Let l = 21 + -15. Let a(n) = 3*n + 10. Let j(h) = -h**3 + 9*h**2 - 3*h - 8. Calculate the remainder when j(6) is divided by a(l).
26
Let j = 6 - 2. Let c(i) = -i**2 + 9*i - 3. Let g be c(6). Calculate the remainder when j is divided by g/4 - (-3)/(-4).
1
Suppose -11*n + 220 = -143. Calculate the remainder when n is divided by 7.
5
Let x(h) = -2*h**3 - 2*h**2 - h. Let s be x(-1). What is the remainder when 24 is divided by ((-12)/(-16))/(s/12)?
6
Let k(p) be the second derivative of p**4/12 + p. Let t be k(-2). Let u(z) = 2*z + 4. What is the remainder when u(t) is divided by 7?
5
Let q(z) = 4*z + 2*z**2 - 1 + 2*z - z. Let o = -1 - 4. Calculate the remainder when q(o) is divided by 13.
11
Suppose -10 + 1 = -s. Let x be s/3*1 - 5. Calculate the remainder when 41 is divided by (-27)/(6/x) - -2.
8
Suppose -4*j = 12, 0 = 4*w - 2*j + j - 23. Suppose -2*l + 5*t = 3*l + 5, -w*t = 2*l + 37. Calculate the remainder when 29 is divided by (l/(-15))/((-2)/(-50)).
9
Let n(r) = 72*r**2. What is the remainder when n(1) is divided by 25?
22
Suppose 5*m - 2*y - 74 = 0, 67 = 4*m + 2*y - y. Suppose 5*r - 4*r + 2*z = m, -2*z = 5*r - 64. What is the remainder when 23 is divided by r?
11
Suppose -4*p + 6 = 3*u, -2*p + 6 = 4*u - u. 